st common factor of d and 120?
40
Let h(v) = -30*v**2 + 4 - 5*v + 1 + 30*v**2 + v**3. Let x be h(2). Suppose -3*g - x*g = -702. What is the highest common divisor of g and 78?
39
Suppose 117 = 27*b - 18. Let l be (52/b)/(66/825). Calculate the highest common divisor of l and 10.
10
Let u be (-185)/(-35) + (-6)/21. Suppose f + 5*y - 51 = 0, u*f - 2*f = -y + 167. Let v be -18*(-3)/6 + -2. What is the greatest common divisor of f and v?
7
Let i = 43 + -41. Suppose 0 = i*j + j - 24. Let t = 41 - 9. Calculate the highest common factor of j and t.
8
Suppose -103 = -4*b - 3*f, 3*b = 2*b - 4*f + 16. Let n(a) = a**3 + 181*a**2 - 1123*a - 180. Let h be n(-187). Calculate the highest common divisor of b and h.
7
Let s(w) = 32*w + 196. Let d be s(-6). Suppose 3888 = 22*c - d*c. What is the highest common divisor of c and 54?
54
Let l = -6820 - -6880. What is the highest common divisor of l and 1764?
12
Let n be -3 + (0 + 2)*3 + 1. Let w be n/(-3)*(66/12 - 4). Let v be 7106/88 + w/(-8). Calculate the highest common divisor of 9 and v.
9
Let j(c) = -2*c**2 - 9*c - 2. Let s be j(-4). Suppose 5*p - y - 579 = 0, -2 = y + s. Calculate the greatest common divisor of 5 and p.
5
Let k(b) = b**3 + 12*b**2 + 8*b - 7. Let j be k(-11). Let v(o) = 4*o**3 - 5*o**2 - 4*o + 61. Let w be v(5). Calculate the greatest common divisor of j and w.
26
Let h be 96/16 - -14*33/(-1). Let q = 677 + h. What is the greatest common factor of q and 52?
13
Suppose -5*z + 4*r = 12, 3*z + 17 = -r + 3. Let w = z + 0. Let v be w/(-3)*(0 + 5 + 73). Calculate the greatest common factor of 13 and v.
13
Let s = 18921 - 18912. Calculate the greatest common factor of s and 1497.
3
Let y(g) = -g**3 + 4*g**2 + 22*g - 55. Let w be y(3). What is the greatest common factor of w and 1285?
5
Let n(r) = r**3 + 8*r**2 - 131*r - 223. Let w be n(-14). What is the greatest common divisor of w and 285?
15
Let p(h) be the second derivative of -1/6*h**3 + 0 - 4*h**2 - 8*h. Let g be p(-11). What is the highest common divisor of g and 24?
3
Let s = 623 + -311. Suppose -u - 5*b = 6, b = 2*u - 3*b - 16. Suppose -c + y - 3*y + 28 = 0, u*c - 103 = y. What is the highest common factor of c and s?
26
Suppose 2*i = 17 + 19. Suppose -401*q + 47952 = -68*q. Calculate the greatest common factor of i and q.
18
Suppose 3*i + 257*m - 30350 = 256*m, -20 = -4*m. What is the highest common divisor of 5 and i?
5
Suppose -2*l - 21 + 19 = 0. Let p be (l*2)/(9/(-18)*4). Let h be p/(-1) + (5 - (-3 - 147)). Calculate the greatest common factor of 14 and h.
14
Let j = -23152 - -23250. Let w(i) = 62*i**2 + 4*i - 2. Let p be w(5). Calculate the greatest common divisor of p and j.
98
Let r(c) = -c**3 - 12*c**2 - 26*c - 18. Let t be r(-7). Let m be (108/t)/(2/(-189)). Calculate the greatest common factor of 28 and m.
14
Suppose -3*o - 5*q + 278 = -2*o, 4*q = -3*o + 812. Let p = -248 + o. What is the greatest common factor of p and 160?
20
Let t be (-875556)/(-3366) - (0 + (-2)/(-17)). Let d be (18 - (1 + -3))/(-2 - -3). Calculate the highest common factor of t and d.
20
Let r(j) = -j**3 + 5*j**2 + 11*j - 40. Let s be r(5). Suppose m - 410 = -40*m. What is the highest common divisor of m and s?
5
Let t = 680 - 572. Let u be (-9)/((-765)/10) - 606/(-51). What is the greatest common factor of t and u?
12
Let t(p) = p**2 - 154*p + 5403. Let k be t(100). What is the greatest common divisor of k and 8457?
3
Let p = 6113 + -4992. What is the greatest common divisor of p and 38?
19
Let d be -4*(-5)/10*690/(-4). Let n = -331 - d. What is the highest common divisor of 28 and n?
14
Let k(x) = -8*x + 35. Let v be k(3). Suppose 0 = 9*m + 2 - v. Calculate the highest common factor of m and 17.
1
Let x(h) = 5*h**3 + 70*h**2 - 2*h + 12. Suppose -28 = 322*z - 320*z. Let k be x(z). What is the greatest common factor of k and 40?
40
Let c(t) = 29*t - 209. Let b be c(10). Calculate the greatest common factor of 351 and b.
27
Suppose 2*u - 2*r = 134 + 48, 3*u - r = 275. Let p = u - 59. Let s be (194 - -4)*(-1)/(-2). What is the greatest common factor of s and p?
33
Let z be ((-2)/2)/((2 - -4)/(-18)). Suppose 3*l - 6 = 0, 2*l = -z*k + 3*l + 19. Suppose -28 = -8*p + k*p. What is the highest common divisor of p and 84?
28
Suppose 0 = -2*v - 6 + 6. Let n be 2/3 - (4/(-3) - v). Suppose 0 = s + n*s - m - 147, m = 5*s - 247. What is the greatest common factor of s and 20?
10
Let g be (-45)/(-120) + 33/(-24). Let s be (5/2)/(7*g/(-504)). Calculate the highest common factor of s and 40.
20
Suppose 4*d - 4 = v, 2*v - 6*v + 14 = -d. Suppose 0 = 5*x - 2*l - 1948, 8*x - 1559 = v*x + l. Calculate the highest common factor of x and 26.
26
Suppose 19*f + 5 = 20*f. Let o(w) = 1 + 22*w + 1 - 15 - f. Let u be o(3). Calculate the highest common factor of u and 72.
24
Suppose -2*z - 2*z + 5*k = -21, 2*z = 5*k + 13. Let a(x) = 2*x**2 + 55*x - 69. Let f be a(-29). Let r = f - z. Calculate the highest common factor of 14 and r.
14
Let g be 64/(-48)*12*-3. Suppose -3*u + 4*u = 54. Let j = 86 - u. Calculate the greatest common factor of g and j.
16
Suppose -g + 12 = 4*x - 484, -5*g = 2*x - 248. Let l be (-1)/(-1)*60 + 2. What is the greatest common factor of x and l?
62
Let l(v) = -76*v - 2224. Let c be l(-38). Calculate the highest common factor of 4150 and c.
166
Let p(r) = -65*r + 1. Let a be p(-1). Suppose 2*o + 311*d = 310*d + 42, o = 5*d + 32. Calculate the greatest common factor of o and a.
22
Let i(m) be the first derivative of -m**3 - 19*m**2/2 + 4*m + 3. Let h be i(-6). What is the highest common divisor of 45 and h?
5
Let m(d) = 10*d + 126. Let o(g) = -19*g - 254. Let c(i) = -5*m(i) - 3*o(i). Let b be c(-4). What is the highest common divisor of 39 and b?
13
Suppose 677106 = 17*k + 42*k - 470798. What is the greatest common divisor of k and 152?
152
Let g be 15 + 2704/(-9 + 25). Calculate the greatest common divisor of 13800 and g.
184
Suppose -12 = -4*z - 5*l, 2*l - 3 = -49*z + 48*z. Suppose z*f = -15, 10*f - 7*f = 2*r - 575. What is the highest common divisor of r and 105?
35
Let y(t) = 40*t + 24. Let c be -3 + (-15)/(-5) - 32. Let d(l) = -l. Let k(z) = c*d(z) - y(z). Let n be k(-4). What is the highest common factor of 1 and n?
1
Suppose 22*g = 4229 + 1923 - 432. Let l be 1/((-2)/312*-1). What is the greatest common factor of g and l?
52
Suppose -9*l + 14*l = 25*l. Let x(t) = -t + 6. Let d(b) = -b - 1. Let u(q) = -2*d(q) + x(q). Let z be u(l). What is the highest common factor of z and 32?
8
Let r = -570 + 565. Let l be -6 - (r - -8 - 37). Calculate the greatest common factor of l and 84.
28
Suppose 0 = -9193*b + 9252*b - 8496. Calculate the greatest common factor of 1161 and b.
9
Let o be 1/((-8)/(-6))*(-19)/(209/(-3564)). What is the highest common factor of o and 54?
27
Let l(b) = 2*b**3 - 11*b**2 - 7*b - 90. Let g be l(7). What is the highest common divisor of 758 and g?
2
Let d be ((-4)/(-9))/((-13)/(-1443)) + (-80)/60. What is the highest common factor of d and 1134?
6
Let w = -4648 + 6609. Calculate the greatest common divisor of 74 and w.
37
Let k = -69 + 180. Let t = 145 - 108. What is the greatest common factor of k and t?
37
Let g(m) = 3*m + 103. Let i be g(-23). Suppose 382 = 4*d - i. Calculate the greatest common factor of d and 13.
13
Suppose -103*n + 217*n - 33920 = 82*n. Calculate the highest common factor of 30 and n.
10
Let u = -32 - 29. Let l = 71 + u. What is the highest common factor of 80 and l?
10
Let r(u) = 3*u + 17 + 61 - 42 - 2*u. Let y be r(0). Calculate the greatest common divisor of y and 27.
9
Let h be 16/(-24) - 2020/(-6). Let n(f) = 22*f + 1748. Let g be n(-78). Calculate the greatest common factor of h and g.
16
Let v be (1 - 3)*(-11099)/22 - 1. Calculate the greatest common divisor of 105 and v.
21
Let f = 15181 - 14871. Calculate the greatest common factor of f and 190.
10
Let m(u) = -24*u**2 - 127*u - 23. Let i be m(-5). Calculate the highest common divisor of i and 44.
4
Suppose -s + 30 = m, 121 = 20*m - 16*m + 5*s. Calculate the greatest common factor of 5394 and m.
29
Let u(v) = -162*v + 3126. Let b be u(15). Calculate the highest common divisor of 551 and b.
29
Suppose 1977*f - 1979*f + 4 = 0. Suppose -1 = d - 2. What is the greatest common factor of d and f?
1
Let s(m) = 2*m**2 - 4. Let r be s(2). Suppose 4*h - 32 = -r*v, -3*h 